se 369*a - 6440 = 15884 - 3505. Calculate the highest common factor of a and 6392.
17
Let a(l) = -52*l - 2584. Let q be a(-62). Calculate the greatest common factor of q and 5.
5
Let l = 1661 - -300. Calculate the greatest common factor of l and 954.
53
Suppose 126*j - 19360 + 5500 = 0. What is the greatest common divisor of 3410 and j?
110
Let j(t) = -2*t + 1. Let g be j(-7). Let k = g - 43. Let p = 30 + k. What is the highest common divisor of 10 and p?
2
Suppose 16*f - 74 = 150. Calculate the highest common factor of 245 and f.
7
Let b(t) = 5*t**3 - t**2 - 4*t + 4. Let f be b(1). Let d be (-1 + 4)/(6/f). Let u be ((-54)/(-4))/(1/d). Calculate the highest common divisor of u and 27.
27
Let p be (-8*20/(-640))/(1/4). Calculate the highest common factor of p and 46.
1
Suppose 5*d - 32 = -0*j + j, 3*j = -4*d + 18. Let k be (20/6)/(1/d). Suppose -57*m + 1193 = -2227. Calculate the highest common divisor of k and m.
20
Suppose 3*p - 8*p + 3*u + 31 = 0, 3*u = 2*p - 16. Suppose p = z - 0. Let v(w) = -w**2 + 8*w - 7. Let h be v(z). What is the greatest common divisor of 4 and h?
4
Let x be 11 + (-6182)/7*-7. Calculate the greatest common divisor of x and 11.
11
Let h be 345*((-24)/(64/8) + 4). What is the greatest common factor of h and 276?
69
Let p = 26 - 5. Suppose -2*a + p = -51. Let f = 115 - 107. What is the greatest common divisor of a and f?
4
Let p(t) = 32*t**3 + t**2 + 6*t - 17. Let u be p(3). What is the greatest common factor of 483 and u?
23
Let t be 2/(-8) - (-164)/16. Suppose o + t = -55. Let y = -27 - o. What is the highest common factor of y and 19?
19
Let t(j) = -255*j - 24. Let x be t(2). Let w = 570 + x. Calculate the highest common factor of w and 36.
36
Let j = 437 + -287. Suppose 57 + 43 = 2*b. What is the greatest common divisor of b and j?
50
Let a = -30 - -234. Let l = 223 - a. Calculate the highest common factor of l and 133.
19
Suppose -6800 = -5*q - 10*q - 70*q. Calculate the greatest common factor of q and 200.
40
Let c = 87 + -69. Suppose 0 = 5*t + d - 0*d - 52, 3*t + 5*d = c. What is the greatest common divisor of t and 253?
11
Let k be 1*(10 - -1 - 0). Let q = -1281 - -1283. Suppose 0 = -4*n + 2*h + 474, 0 = 2*n + q*h - 295 + 43. What is the greatest common factor of n and k?
11
Let y be 45/(-12)*85888/(-610). What is the greatest common divisor of 6996 and y?
132
Let h be 2*(-2)/4*-27. Let i be 6*10/15 + -8 + 7 + 213. Calculate the highest common divisor of i and h.
27
Let l(a) = -a**2 + 46*a - 272. Let n be l(14). What is the greatest common factor of n and 231?
11
Let r = 114 - 77. Suppose 47*i - r*i = 150. Calculate the greatest common factor of 60 and i.
15
Suppose -5 = 3*p - 11. Let d be 12 + (-77)/(-22)*-2. Calculate the greatest common divisor of d and p.
1
Suppose -5996 + 1940 = -39*j. What is the greatest common divisor of 472 and j?
8
Suppose 0 = -x + 2*c + 3*c - 115, -x - 101 = 2*c. Let k = x + 41. Let h = 122 + k. Calculate the greatest common divisor of h and 87.
29
Let u(s) = 47*s - 14. Let p = -59 - -64. Let h be u(p). Calculate the greatest common divisor of 17 and h.
17
Suppose -83 = -3*v + 5*i, 0 = 40*v - 38*v + 5*i - 22. What is the greatest common factor of v and 141?
3
Let d(w) = -w**2 + 18*w + 712. Let o be d(-19). Calculate the highest common factor of 3987 and o.
9
Let b(q) = -5*q + 4. Let z be b(2). Let y(u) = 6*u**2 - 2*u**2 - 441 + 7*u + 439 + 2*u**2. Let s be y(z). Calculate the greatest common divisor of 43 and s.
43
Suppose 3*k = -5*y + 337, -3*k - 2*y - 83 = -423. What is the greatest common divisor of k and 1254?
114
Suppose -2*b + i = -8, -4*i + 18 = b + b. Suppose 0 = -61*n + 62*n - 44. Suppose 5*z - n*z = -195. Calculate the highest common divisor of b and z.
5
Let j be (-1)/(-3) + (-448)/(-6). Let c(x) = 31*x + 80. Let n be c(-2). Suppose 5*y - 8*y = 2*b - n, 8 = -2*y. Calculate the greatest common divisor of b and j.
15
Suppose 0 = 5*q + 79 - 249. Let h be ((-128)/5)/(q/5 - 7). Calculate the greatest common factor of 8 and h.
8
Suppose 0 = 90*k - 335482 - 36758. Calculate the greatest common factor of k and 176.
88
Let d(h) = h**2 - 4*h. Let a be d(0). Suppose 2*v - 127 - 29 = 3*i, a = i. What is the greatest common divisor of v and 104?
26
Let l be (-1)/3 + ((-1678)/(-3) - -2). Suppose 4*d = l + 127. Let q(h) = 13*h + 4. Let a be q(3). Calculate the highest common factor of d and a.
43
Suppose -4372 = 17*h - 11886. What is the highest common factor of h and 13?
13
Let o(z) = z**2 + 13*z - 59. Let f be o(-17). Suppose f*p = 160 + 191. What is the highest common factor of 312 and p?
39
Suppose -4 = 2*w - 4*w, 3*l - 478 = 4*w. Let s = l + 48. Let z(o) = -15*o - 345. Let x be z(-25). Calculate the highest common factor of x and s.
30
Let x be (-2 + 2 + -5*(-264)/70)*7. Calculate the highest common divisor of 583 and x.
11
Let f = -52 + 56. Suppose 39 = 6*g - 5*g + 2*y, -189 = -f*g + 3*y. Let r be (1 + 0)/(6/g)*4. Calculate the greatest common divisor of 105 and r.
15
Let j = 23 + -21. Suppose -j*d - 208 = -5*l + 32, -4*l - 4*d = -192. Suppose -l - 22 = -5*h. Calculate the highest common factor of 98 and h.
14
Suppose -7856*m + 785 = -7699*m. Let v be 28*(1 + 10/4). Suppose 5*a = 4*u + 287, -v = -2*a + u - 5*u. What is the greatest common factor of m and a?
5
Let z = 33811 - 15248. What is the highest common factor of z and 19?
19
Let j be 12/(-60) - 100308/(-15). Calculate the greatest common factor of j and 9.
9
Let v = -1089 + 1233. Calculate the greatest common divisor of v and 522.
18
Let d be (-5)/5 + (-37)/(-1). Let u(q) = 3*q**2 - 69*q + 102. Let m be u(22). Calculate the highest common divisor of m and d.
36
Let q(n) = 2*n**3 - 17*n**2 + 3*n + 46. Let v be q(8). Let w be (-282)/(-5) + v/10. What is the highest common divisor of w and 12?
3
Let m(c) be the first derivative of -c**3/3 + 35*c**2/2 - 135*c + 60. Let z be m(30). Calculate the greatest common divisor of z and 75.
15
Suppose -4*d = 5*i - 381, -2*i = -6*i + 3*d + 311. Calculate the highest common divisor of i and 5467.
77
Suppose -20 = -5*x + 7*d - 3*d, 0 = -x - d + 4. Suppose -x*c - 5566 = -27*c. Suppose 2*s = s + 22. What is the highest common factor of c and s?
22
Let q(z) be the second derivative of -z**4/12 - 10*z**3/3 + 3*z**2/2 + 23*z - 2. Let n be q(-20). What is the highest common factor of 3 and n?
3
Suppose 4*f - 58 = 14. Let o(c) = 6*c - 27. Let b be (-9 - -7)/(4/(-18)) - 0. Let x be o(b). Calculate the highest common divisor of x and f.
9
Let d = -99 - -167. Let w = 517 + 265. What is the greatest common factor of d and w?
34
Let q = -1 + 9. Let g be (-6)/8 - (-78)/q. Suppose 446 = 257*p - 1405 - 462. What is the greatest common factor of p and g?
9
Let q(i) = -i + 11. Let v be q(0). Suppose -6*c + 2*c - r = -5143, c - 1272 = -3*r. Suppose c = -12*m + 21*m. Calculate the highest common divisor of v and m.
11
Let w(v) = 4*v - 18. Let l be w(6). Let u be -1 + 10/l*3. Suppose h = 10 + 6. What is the highest common divisor of h and u?
4
Suppose -q = -5*q. Let m be 33/(-6)*(q - 2). Let z = 241494 + -241406. Calculate the greatest common factor of z and m.
11
Let g(s) = 2*s**2 + 81*s - 865. Let y be g(9). Calculate the greatest common factor of y and 16562.
26
Let u(x) = 24*x**2 + 549*x - 1102. Let c be u(2). Calculate the highest common divisor of c and 368.
92
Let j = 30487 + -14897. Calculate the greatest common divisor of j and 10.
10
Let d = 7347 + -7275. Let l(r) = 26*r**2 + 5*r. Let o be l(-4). Calculate the highest common divisor of o and d.
36
Let y be (-120)/560 + (-2)/(-4) + (-33573)/(-21). What is the highest common factor of y and 246?
123
Let r be (315/14 + 0)/(24/128). What is the greatest common divisor of 345 and r?
15
Let z be 4 + -10 - (-5244)/(36/6). Let h = z + -754. Calculate the greatest common factor of h and 513.
57
Suppose -2876 = 2*i + 3*t - 19919, 5*i - 42565 = t. Calculate the highest common divisor of i and 264.
66
Suppose 3*h + 2*g = 2266, 0*g - 3026 = -4*h - 5*g. Calculate the highest common divisor of h and 65.
13
Let a = -16751 - -17259. Calculate the greatest common divisor of 16 and a.
4
Let b(k) = -3*k + 12. Let d(f) = -2. Let u(g) = -b(g) - d(g). Let q be u(7). Calculate the highest common divisor of 209 and q.
11
Let w = 214 - 140. Let q = -29 + w. What is the great